146*t**2. Calculate a(-1).
19
Let o = -93 - -92. Let i(w) = w**3 + 2*w**2 + 0*w**2 - 3*w**2 + w + 0*w**2. Let u(t) = -4*t**3 - 4*t**2 + t. Let z(y) = 2*i(y) - u(y). What is z(o)?
-5
Let q(a) = a**3 + 9*a**2 + 13*a + 1. Let j be 1 - 2 - (3 - -3). Give q(j).
8
Let x = 1 + 3. Let l(u) be the third derivative of -u**4/8 - u**3/3 + 10*u**2. Determine l(x).
-14
Suppose 0 = -3*r - 3*x + 159, -2 = x - 5. Let h be ((-25)/r)/((-2)/32*-2). Let s(l) = 4*l + 4. Determine s(h).
-12
Suppose 0 = 19*a + 8*a + 81. Let u(q) = -3*q - 2. Calculate u(a).
7
Let n(a) be the third derivative of -a**6/120 - a**5/20 + 5*a**4/24 - 2*a**3/3 - 38*a**2 - 1. Determine n(-5).
21
Let m(g) = -4*g - 2. Let f(o) = -2*o**2 + 10*o. Let y be f(5). Suppose -3*l + y = 15. Determine m(l).
18
Let t(b) = -2*b**3 + 49*b**2 + 38*b - 15. Let z(o) = o**3 - 24*o**2 - 19*o + 7. Let y(u) = 6*t(u) + 13*z(u). What is y(19)?
1
Let m(g) = 2*g + g**2 - 12 - 7*g - 2*g**2 + 7*g + 3*g. What is m(4)?
-8
Let h = -15 - -28. Let v be ((-4)/14)/(h/(-91)). Suppose 3*i = -v*i. Let x(y) = -y**2 - y + 1. What is x(i)?
1
Let b(m) = -5*m**3 - m**2 - 3 + 9 - 5. Let c = 130 - 131. Determine b(c).
5
Let s(u) = -7*u**3 + 19*u**2 - 20*u + 8. Let f(o) = 3*o**3 - 9*o**2 + 9*o - 3. Let m(r) = -9*f(r) - 4*s(r). Calculate m(-5).
0
Let l(j) = j**3 + 3*j**2 - 5*j - 4. Let w(g) = 2*g**2 + 6*g. Let z be w(-3). Let x be (-2 + z + 3)/((-7)/21). What is l(x)?
11
Let l(f) = -12*f + 3. Let u(d) = -37*d + 10. Let w(c) = 7*l(c) - 2*u(c). Let a be (-74)/6 + (-6)/9. Let r = a + 12. Calculate w(r).
11
Let u(w) = w**2 + 5*w + 4. Let a be (-1)/((-1)/(-188)*4). Let b = a - -41. Give u(b).
10
Let u(t) = 2*t + 6. Let h(d) = -5*d - 12. Let c(x) = -3*h(x) - 7*u(x). Let o(y) = -2*y - 30. Let l be o(0). Let z be 4/10 + (-138)/l. Determine c(z).
-1
Let w(c) = -c**2 - 3*c - 2. Let n(m) = 12*m + m**2 - 17*m + 6*m + 1 + 5*m. Let z be n(-5). Give w(z).
-6
Let s be ((-2)/(-6))/(-3 + 1910/636). Let r = s - 102. Let p(v) = v**3 - 4*v**2 + v + 4. Give p(r).
8
Suppose -g - 3*k = 0, 0 = 11*g - 14*g + 3*k + 48. Let o(c) = -c**3 + 11*c**2 + 11*c + 1. What is o(g)?
-11
Let g(l) be the second derivative of -l**5/20 + 13*l**4/12 - l**3/6 + l**2/2 + 92*l. Calculate g(13).
-12
Let f(x) be the second derivative of x**5/20 + 5*x**4/12 + x**3/6 + 7*x**2/2 + 25*x + 5. Give f(-5).
2
Let h(c) = c**3 - 2*c**2 + c. Let b(w) = w**3 - 23*w**2 - 31*w + 12. Let x(p) = -b(p) + 2*h(p). Give x(-17).
5
Let s(g) = 3*g**2 + 2*g. Suppose -3*f - 7*y - 17 = -5*y, -f = 5*y + 23. Determine s(f).
21
Let d(o) = -190*o + 9. Let l(b) = 271*b - 13. Let u(n) = -7*d(n) - 5*l(n). What is u(2)?
-48
Let a be (2 - -8)*28/70. Let h(z) = -z**3 + 3*z**2 + 4*z - 4. Calculate h(a).
-4
Let a(s) = -5*s + 11. Let c(b) = 3*b - 7. Let k be 33/4 + 2/(-8). Let m = 435 + -430. Let h(g) = k*c(g) + m*a(g). Give h(2).
-3
Let l(h) = 2*h**2 + 4*h + 3. Let m(f) = 7*f - 44. Let a be m(6). Calculate l(a).
3
Let l(s) be the first derivative of -s**3/3 + 7*s**2/2 - 5*s - 12. Suppose -5*d + 2*t + 24 = t, 4 = 4*t. Calculate l(d).
5
Let s = -14 - -18. Suppose -10 = -s*u + 2*u. Let o(m) = -m**2 + 6*m - 5. Determine o(u).
0
Let g(s) = s**3 + 4*s**2 - 3*s + 1. Let a = -84 + 79. What is g(a)?
-9
Let k(r) be the second derivative of 5*r + 5/3*r**3 + 11/2*r**2 + 0 + 1/12*r**4. Calculate k(-9).
2
Suppose -5525*q + 5532*q = -42. Let o(l) = l**2 + 2*l + 2. Give o(q).
26
Let d(j) = j**2 + 6*j + 2 - 5*j - 8*j - 2*j. What is d(9)?
2
Let q(u) = 0*u + 2*u + 4 - u**2 + 4*u. Suppose -5*y = -5*j - 55, 0*y - j = -4*y + 35. Suppose 2*m + o - 14 = -o, -y = -m - 2*o. Calculate q(m).
4
Let g be 6 - 2 - (12/3 - -1). Let v(b) = -7*b**2 + b + 1. Calculate v(g).
-7
Let p(r) = r**3 + 6*r**2 - 11*r - 6. Let z = -748 + 741. Calculate p(z).
22
Let c be (-9)/2 + 6/12. Let x(g) = g**2 + g - 3. Determine x(c).
9
Suppose 3*q - 3*n = -18, 0 = -3*q + 3*n + n - 23. Let j(y) = 9*y + 2. Give j(q).
-7
Let t(z) = -z**3 + 2*z**2 - 2*z + 2. Let m = -17 + 19. Suppose -3*b - 2*b + m*d = -16, 3*d + 11 = b. Calculate t(b).
-2
Let d(t) = -16*t**3 + 14*t**2 + 41*t + 25. Let h(q) = 3*q**3 - 3*q**2 - 8*q - 5. Let w = -11 + 0. Let n(r) = w*h(r) - 2*d(r). Calculate n(6).
5
Let j(h) = -12*h + 45. Let o(v) = 2*v + 8. Let f(w) = -j(w) - 4*o(w). Give f(19).
-1
Let s = -780 + 778. Let a(m) = 2*m**3 + 4*m**2 + 2*m - 1. What is a(s)?
-5
Let u(p) = 5*p**3 + 12*p**2 - 5*p - 4. Let n(l) = -3*l**3 - 6*l**2 + 2*l + 2. Let x(h) = -7*n(h) - 4*u(h). Determine x(5).
7
Let d(b) = 6*b + 6. Let r = 107 + -97. Let s be (7/2 + -4)*r. Calculate d(s).
-24
Let q be 12 + (-8)/(2 - 6). Let f = -14 + q. Suppose -b + 6 + 0 = f. Let c(t) = t**3 - 6*t**2 + t. What is c(b)?
6
Let y(s) = s**3 + 25*s**2 + 21*s - 72. Let w be y(-24). Let b(c) = c**2 - c - 12. Calculate b(w).
-12
Let k(c) = 8*c - 4. Let i be k(4). Let r = i + -23. Let a(q) = -q**3 + 6*q**2 - 4*q + 4. Calculate a(r).
9
Let f(g) = -g**3 - 8*g**2 - 4*g + 4. Let p be ((-2)/5)/(20/(-3350)). Suppose -18 = -7*b - p. Determine f(b).
-17
Suppose -30 = -4*k - 3*h, -5 + 31 = 5*k - 2*h. Let q(g) = -6 + 2*g - g - k + 13. Determine q(4).
5
Suppose -8 = -2*j - 2*m, 3*m = -j + m + 2. Let b = 25 - j. Let g = b - 15. Let t(i) = -i**2 + 3*i - 2. What is t(g)?
-6
Let o(p) = 6*p + 1. Let r be (((-504)/35)/(-12))/((-6)/20). Calculate o(r).
-23
Let c(p) = -10*p**2 + p + 2. Let a(b) = 7*b**2 - 1. Let z(u) = -3*a(u) - 2*c(u). Let g be 8/(-36) - 40/(-18). Calculate z(g).
-9
Let t(u) = -u**3 - 2*u**2 - 2*u - 1. Let d be t(-2). Suppose d*k + k = 0. Suppose -3*f = k, 8 = c + c + 2*f. Let h(l) = 3*l. Give h(c).
12
Let v(p) be the second derivative of -6*p + 1/2*p**2 + 1/2*p**3 + 0. Give v(2).
7
Let u(q) = 2348*q + 16 - 7 - 2349*q. Give u(5).
4
Suppose -19*a - 44 + 7 = 39. Let q(f) = 0*f**2 + 2 - 2*f - 3*f**2 + 2*f**2. Determine q(a).
-6
Let j(t) = -5*t**2 + 9*t - 6. Let s be j(3). Let u(n) = -n**3 - 24*n**2 - 2*n - 45. Calculate u(s).
3
Let c(p) = 4*p**2 - 5*p + 3. Let f(t) = -1. Let w(x) = c(x) - 5*f(x). Let k(h) = 7*h**2 - 11*h + 16. Let y(g) = -3*k(g) + 5*w(g). Calculate y(8).
-8
Let a(c) = -18 - 9*c + 3*c**2 - c**3 + 10 - 11*c**2. Suppose -3*q - 2*o - 17 = -0, -o + 9 = -q. Give a(q).
6
Let o(c) be the first derivative of -c**4/4 + 2*c**3 - 3*c**2 + 2*c + 1. Calculate o(5).
-3
Let k(y) be the first derivative of -2*y - 2/3*y**3 - 1/4*y**4 - 15 - 2*y**2. What is k(-2)?
6
Suppose -15*c + 16*c = -10. Let l(h) = h**2 + 11*h + 9. Determine l(c).
-1
Let q = -55 - -56. Let z be 4/q - 0*(-6)/(-24). Let c(o) be the third derivative of o**4/24 - o**3 + o**2. Determine c(z).
-2
Let g(f) = 2*f + 14. Let s be g(-6). Let y(m) = -m**3 - 6*m + 4*m**2 + s*m**2 - 2*m**2 + 2*m**3 + 2. Give y(-5).
7
Let i(x) = -9*x**3 + 2*x + 1. Let t = 130 + -125. Suppose -h - 1 = 2*s - 5*s, 3*h - t*s + 3 = 0. Determine i(h).
8
Let w be (1/3)/(5/45). Suppose -4*f + 113 = 5*i, 6 = -i - w*f + 22. Suppose 5*l + i = -0*l. Let r(q) = -q**3 - 6*q**2 - 3*q + 5. Determine r(l).
-5
Suppose -236 = -19*a - 122. Let i(v) = v**2 - 8*v + 4. What is i(a)?
-8
Let v(x) = x**2 + 9*x + 1. Let j(m) = -m**2 - 16*m + 7. Let c be j(-16). Let y be -2 - 44/c - (-14)/49. Determine v(y).
-7
Let t be ((-3)/(-6))/((-2)/8). Let q = -1 - t. Let i(j) = 1 - 8*j + 8*j - 3*j**3. Determine i(q).
-2
Suppose 5*r + 0 + 34 = -4*x, -4*r - 2*x - 26 = 0. Let u(n) = -n**3 - 5*n**2 + 6*n + 4. Give u(r).
4
Let a(l) = -3*l**2 + 37*l - 21. Let v(s) = -4*s**2 + 52*s - 32. Let p(x) = 7*a(x) - 5*v(x). Give p(-9).
-59
Let r(t) = t**2 + 14*t + 17. Let g = 1820 - 1833. Determine r(g).
4
Suppose -2*o + 2*z = -8, 2*o + 12 = 5*z + 29. Let f(c) = 0 - 1 + 5 - 8*c. Let b be f(o). Let x(u) = u**3 + 3*u**2 - 2*u - 3. What is x(b)?
-11
Let c(x) = 21*x**2 - 3 - 19*x + 17*x + 6 - 2. Give c(1).
20
Let b(v) be the third derivative of v**5/60 - 5*v**4/8 + 3*v**3/2 - 7*v**2 - 3*v. What is b(14)?
-5
Let x be (4/5)/((-2)/155). Let s = x - -66. Let p(b) = b**3 - 5*b**2 + 3*b + 5. Determine p(s).
1
Let x(a) = -a**3 - 6*a**2 - a - 8. Let y(o) = 1 + 1 + 3 + 11*o. Let p be y(-1). Give x(p).
-2
Let t(q) be the second derivative of -7/2*q**2 - 1/12*q**4 - 4*q + 0 + 0*q**3. Give t(0).
-7
Let w(t) = -3*t**3 + 3*t**2 - t + 2. Let g be -5 + 0/2 - (-8 + 5). Let y be (1 + -4)/(3/g). Calculate w(y).
-12
Let g(k) = -3*k + 4*k**3 - 2*k**3 + 9*k + 10 + 10*k**2. Let h(n) = n**3 + 5*n**